and 8?
2
Let b be (1*(0 - -4))/(-1 - -2). Let t = -47 - -33. Let d = 2 - t. What is the highest common factor of b and d?
4
Let k = 64 - 39. Let y = -22 + k. Suppose 2 = y*v - 3*q - 49, -88 = -4*v - q. What is the highest common factor of v and 231?
21
Suppose 0 = -5*a - m + 238, 3*m + 108 = 2*a + 23. Let c = a - 30. Calculate the highest common divisor of 17 and c.
17
Suppose 2*s - 363 = -5*q + s, 2*s - 150 = -2*q. Suppose 0*o = 2*o - 6. Suppose f - q = -o*f. What is the highest common factor of f and 162?
18
Let d be (-12)/(-4) - (-2 - -5). Suppose p - 10 + d = 0. What is the greatest common factor of 15 and p?
5
Suppose -36*o = -60*o + 72. Let p(h) = -h**2 - 5*h + 3. Let v be p(-5). What is the highest common factor of v and o?
3
Suppose -z + 478 = 4*r - r, 328 = 2*r - 4*z. Suppose -2*a - 3*a - 128 = -4*q, -r = -5*q + 2*a. Calculate the highest common factor of q and 112.
16
Suppose 2*w + 7 = 4*f - 115, 3*f - 2*w = 92. Let q = f - -14. Calculate the greatest common factor of q and 11.
11
Suppose -5*i - 2*o = -6*o - 766, -4*o + 734 = 5*i. Calculate the highest common factor of 48 and i.
6
Let d(k) = k - 3*k**2 + 2 + 2*k**2 + 13*k**3 - 3. Let x be d(2). Let n = x - -9. Calculate the highest common factor of 11 and n.
11
Suppose 67 = 5*u + 47, 0 = -5*b - 5*u + 645. Let o = 107 - 57. What is the highest common factor of o and b?
25
Let r be (60/(-90))/(((-2)/168)/1). Let f(i) = -i + 15. Let k be f(8). Calculate the greatest common divisor of k and r.
7
Suppose -3*s + 327 = -3*y, 5*s - 5*y = -y + 548. Let c = -39 + 55. Calculate the highest common factor of s and c.
16
Let t(n) = -2*n**2 - 8*n - 2. Let g be t(-3). Suppose -3*q - 2*w = -7*w + 13, g*q + 5*w = 41. Calculate the greatest common divisor of q and 24.
4
Suppose -4*m - 5*q - 3 - 5 = 0, 5*m + 10 = -4*q. Let n be (m/(-3))/(3/324). Let j = -39 + n. What is the highest common factor of j and 3?
3
Let j be (-18952)/(-1339) + ((-8)/26)/2. Calculate the highest common factor of 10 and j.
2
Let a = 22 - 18. Let g(f) = -5 - 3*f**3 - 2*f**3 - 11*f + a*f**3 - 11*f**2. Let z be g(-10). Calculate the greatest common factor of z and 25.
5
Let p(x) = x**2 + 4*x - 40. Let i be p(9). Let a = 4 + i. What is the highest common factor of a and 9?
9
Let t(a) = -a**3 + 13*a**2 + 16*a - 1. Let w be t(14). Let f = w - 2. Calculate the greatest common divisor of 10 and f.
5
Let c(b) = -b + 6. Let y be c(4). Suppose 24 = 4*a - 4*q, -a - y*q - 3*q = 6. Let m be (-1 - a)*(-16)/5. Calculate the greatest common divisor of 48 and m.
16
Let p(l) = -l**3 + 9*l**2 + 15*l - 8. Let q be p(8). Calculate the greatest common divisor of q and 22.
22
Let j(i) = 2*i - 6*i + i**3 + 0*i**2 + 3 + 2*i**2. Let p be j(2). Suppose 715*m - 357*m = 360*m - 44. What is the highest common factor of m and p?
11
Let s(k) = k**3 - 9*k**2 + 5*k + 46. Let b be s(8). Suppose -5*x + 3 = -7. Calculate the highest common factor of b and x.
2
Suppose 1632*g = 1638*g - 876. Calculate the highest common divisor of g and 3358.
146
Let y = -386 + 389. What is the highest common factor of 135 and y?
3
Let m(n) = 12*n**2 + 4*n + 25. Let q be m(-4). What is the highest common factor of 67 and q?
67
Suppose 4*r = 2*y + 162, -3*r = -6*r - 4*y + 116. Calculate the highest common divisor of r and 232.
8
Let w = -319 - -331. What is the highest common factor of 28 and w?
4
Suppose 48*t = 46*t + 8. Suppose -5*r - 143 = -3*g, -50 = -g + t*r - 0*r. Calculate the highest common divisor of 69 and g.
23
Let d(c) = c**3 - 8*c**2 + 17*c - 14. Let q be d(6). Let a be 2 + -2 + -4 + 36. Calculate the greatest common divisor of a and q.
16
Suppose -3*g + 4*m = -44, 0*g - 3*g + 5*m = -40. Suppose -z + g + 6 = 0. Let h = z - 22. Calculate the greatest common factor of h and 10.
2
Let w(n) = -n**3 - 15*n**2 + 16*n + 21. Let l be w(-16). Suppose -3*o = -l - 27. What is the greatest common factor of o and 16?
16
Let c(f) = f**3 - 2*f**2 - 5*f + 660. Let h be c(0). Calculate the highest common divisor of h and 12.
12
Let l be (-4)/((-36)/(-51))*-3. Suppose -22*n + 95 = -l*n. Calculate the highest common divisor of n and 19.
19
Let t be 305/1 + 2/(-8)*-20. What is the greatest common factor of t and 10?
10
Let p be 2 - (0 + 1) - -76. Let q(g) = g + 34. Let t be q(-7). Suppose -19 = -2*b + i, -3*b - 2*i = -12 - t. Calculate the greatest common factor of p and b.
11
Let r be -1 - 5/5 - (-2 - 5). Suppose y + 68 = 3*i, r*y + 2 = -i - 2. Calculate the greatest common factor of 168 and i.
21
Let c = -599 - -918. What is the highest common factor of c and 22?
11
Let a be (2 + 4/(-3))*(18 + -15). Suppose q = -o + 3*o - 550, 556 = a*o + 2*q. What is the greatest common factor of o and 12?
12
Let a(t) = 19*t**2 + t + 1. Let u be a(-1). Calculate the highest common factor of 1 and u.
1
Suppose 172 = 6*i - 2*i + z, 0 = -4*i + z + 172. Suppose -5*p - 13*p = 89*p - 4601. What is the highest common factor of i and p?
43
Let i(z) = -z**2 + 10*z + 17. Let t be i(11). Suppose -t*c + 11 + 13 = 0. What is the greatest common factor of c and 4?
4
Let w be (-4)/(-10) + (-168)/(-5). Let o be (-2)/24*-3 - 486/24. Let c = w + o. What is the greatest common factor of 7 and c?
7
Let d(c) = 13*c**3 + c**2 - c - 4. Let f be d(-2). Suppose -5*z - 1220 = -250. Let b = f - z. Calculate the highest common factor of b and 23.
23
Suppose 2*c - 4*c + 836 = 0. Let h(s) = -27*s + 335. Let b be h(11). Calculate the highest common factor of c and b.
38
Let i be (16/5)/(20/50). Let n(q) = 2*q**2 + q - 4. Let c be n(-4). What is the highest common factor of c and i?
8
Let y = -2 - -26. Suppose -3*c + y - 6 = 0. Calculate the highest common divisor of 6 and c.
6
Let k(o) = -9*o - 21. Let i be k(-4). Suppose -3*u + 392 = -13. Calculate the greatest common factor of i and u.
15
Suppose -5*u + 2 = -u - t, 2*t - 4 = 0. Let v be (u + 1)*19 - 3. What is the highest common divisor of 5 and v?
5
Let h be -72*(-1)/((-1)/(-2)). Suppose 0 = -4*j + 4*a + 56 + 100, 4*j - a - h = 0. Calculate the greatest common divisor of 5 and j.
5
Let t(f) = -f + 0*f + 854 - 846. Let g be t(-3). Calculate the greatest common factor of g and 33.
11
Let p = -833 - -2848. What is the greatest common factor of 65 and p?
65
Suppose -m - 645 = -2*m - 4*x, -m + 4*x + 685 = 0. Calculate the greatest common factor of 5 and m.
5
Let p = -1317 + 1325. Calculate the greatest common factor of p and 88.
8
Suppose 83*y = 84*y - 874. Calculate the highest common divisor of 38 and y.
38
Let a(u) be the second derivative of u**4/12 - 5*u**3/6 + u**2 - 5*u. Let t be a(7). What is the highest common factor of 48 and t?
16
Let z be ((-177)/354)/((-1)/(2*31)). What is the highest common divisor of z and 31?
31
Suppose -5*n - 26 = -101. What is the highest common divisor of n and 105?
15
Let f be ((-13 - -6) + 10)*1*3. Calculate the highest common factor of 243 and f.
9
Let s be (5 + (-24 - -6))/(2/24). Let r be (s/42)/((-3)/21). What is the highest common factor of r and 39?
13
Let m = 603 - 595. What is the highest common factor of m and 332?
4
Let h be (136/(-170))/(-1 + 8/10). Let x(k) = -k**3 - 2*k**2 - 4*k - 4. Let v be x(-2). What is the greatest common divisor of v and h?
4
Let j = -27 + 51. Suppose 4*u = 4*q - j - 68, -4*q + 83 = -u. Suppose -o = 3*l - 0*o - 63, -5*l + 5*o = -85. What is the highest common divisor of q and l?
20
Suppose -x = 4*x + 2*w - 190, 5*w = x - 11. Suppose -144 = -0*m - 2*m - 2*m. Calculate the greatest common divisor of m and x.
36
Let u(f) = -2*f + 3. Let m be u(-7). Let g(a) = -a**3 - 15*a**2 - 29*a - 23. Let w be g(-14). Calculate the highest common factor of m and w.
17
Let i be ((-36)/(-20) - 1)/((-1)/(-170)). What is the greatest common divisor of i and 68?
68
Let a(c) = -c**3 - c + 9. Let x be a(0). Suppose -162 = -11*t + x*t. Calculate the highest common divisor of t and 9.
9
Let l(q) = -q - 11. Let c be l(-16). Suppose 10 = c*s - 7*s. Let w(r) = -4*r - 5. Let b be w(s). Calculate the greatest common divisor of b and 15.
15
Let w = 269 + -108. Calculate the greatest common divisor of 23 and w.
23
Let k(y) = 25*y + 96. Let x be k(-1). Calculate the greatest common divisor of 1 and x.
1
Let u = 47 + -43. Let k be (23 - 4 - u)/1. Calculate the highest common divisor of 30 and k.
15
Let r(x) = -x**3 + 6*x**2 + 16*x + 16. Let i b